{"id":1251,"date":"2024-11-21T19:28:48","date_gmt":"2024-11-21T19:28:48","guid":{"rendered":"http:\/\/sicaliscapital.com.br\/?page_id=1251"},"modified":"2024-11-21T21:17:39","modified_gmt":"2024-11-21T21:17:39","slug":"cfo-as-a-service","status":"publish","type":"page","link":"https:\/\/sicaliscapital.com.br\/?page_id=1251","title":{"rendered":"CFO as a Service"},"content":{"rendered":"\t\t<div data-elementor-type=\"wp-page\" data-elementor-id=\"1251\" class=\"elementor elementor-1251\" data-elementor-post-type=\"page\">\n\t\t\t\t\t\t<section class=\"elementor-section elementor-top-section elementor-element elementor-element-894e5d6 elementor-section-height-min-height elementor-section-boxed elementor-section-height-default elementor-section-items-middle\" data-id=\"894e5d6\" data-element_type=\"section\" data-settings=\"{&quot;background_background&quot;:&quot;classic&quot;}\">\n\t\t\t\t\t\t\t<div class=\"elementor-background-overlay\"><\/div>\n\t\t\t\t\t\t\t<div class=\"elementor-container elementor-column-gap-default\">\n\t\t\t\t\t<div class=\"elementor-column elementor-col-100 elementor-top-column elementor-element elementor-element-948043f\" data-id=\"948043f\" data-element_type=\"column\">\n\t\t\t<div class=\"elementor-widget-wrap elementor-element-populated\">\n\t\t\t\t\t\t<div class=\"elementor-element elementor-element-8029533 de_scroll_animation_no elementor-invisible elementor-widget elementor-widget-heading\" data-id=\"8029533\" data-element_type=\"widget\" data-settings=\"{&quot;_animation&quot;:&quot;fadeInUp&quot;,&quot;ekit_we_effect_on&quot;:&quot;none&quot;}\" data-widget_type=\"heading.default\">\n\t\t\t\t<div class=\"elementor-widget-container\">\n\t\t\t<h2 class=\"elementor-heading-title elementor-size-default\">CFO as a Service<\/h2>\t\t<\/div>\n\t\t\t\t<\/div>\n\t\t\t\t\t<\/div>\n\t\t<\/div>\n\t\t\t\t\t<\/div>\n\t\t<\/section>\n\t\t\t\t<section class=\"elementor-section elementor-top-section elementor-element elementor-element-cad1c49 elementor-reverse-tablet elementor-reverse-mobile elementor-section-boxed elementor-section-height-default elementor-section-height-default\" data-id=\"cad1c49\" data-element_type=\"section\">\n\t\t\t\t\t\t<div class=\"elementor-container elementor-column-gap-default\">\n\t\t\t\t\t<div class=\"elementor-column elementor-col-50 elementor-top-column elementor-element elementor-element-2f4553c\" data-id=\"2f4553c\" data-element_type=\"column\">\n\t\t\t<div class=\"elementor-widget-wrap elementor-element-populated\">\n\t\t\t\t\t\t<div class=\"elementor-element elementor-element-24e4cd8 de_scroll_animation_no elementor-invisible elementor-widget elementor-widget-heading\" data-id=\"24e4cd8\" data-element_type=\"widget\" data-settings=\"{&quot;_animation&quot;:&quot;fadeInUp&quot;,&quot;ekit_we_effect_on&quot;:&quot;none&quot;}\" data-widget_type=\"heading.default\">\n\t\t\t\t<div class=\"elementor-widget-container\">\n\t\t\t<h2 class=\"elementor-heading-title elementor-size-default\">CFO as a Service<\/h2>\t\t<\/div>\n\t\t\t\t<\/div>\n\t\t\t\t<div class=\"elementor-element elementor-element-0402021 de_scroll_animation_no elementor-invisible elementor-widget elementor-widget-text-editor\" data-id=\"0402021\" data-element_type=\"widget\" data-settings=\"{&quot;_animation&quot;:&quot;fadeInUp&quot;,&quot;_animation_delay&quot;:200,&quot;ekit_we_effect_on&quot;:&quot;none&quot;}\" data-widget_type=\"text-editor.default\">\n\t\t\t\t<div class=\"elementor-widget-container\">\n\t\t\t\t\t\t\t<p>A SICALIS tem parceria com escrit\u00f3rios que oferecem o servi\u00e7o de &#8220;CFO as a Service&#8221;, provendo solu\u00e7\u00f5es customizadas para clientes que precisam de apoio e orienta\u00e7\u00e3o para atingir novos patamares de resultado estrat\u00e9gico e financeiro.<\/p><p>Nosso cliente pode contratar um servi\u00e7o de &#8220;copiloto&#8221; financeiro, capaz de gerar valor ao seu neg\u00f3cio, aplicando metodologias e conhecimento financeiro reconhecido e testado.<\/p>\t\t\t\t\t\t<\/div>\n\t\t\t\t<\/div>\n\t\t\t\t<div class=\"elementor-element elementor-element-c48495c elementor-widget-divider--view-line de_scroll_animation_no elementor-invisible elementor-widget elementor-widget-divider\" data-id=\"c48495c\" data-element_type=\"widget\" data-settings=\"{&quot;_animation&quot;:&quot;fadeInUp&quot;,&quot;_animation_delay&quot;:300,&quot;ekit_we_effect_on&quot;:&quot;none&quot;}\" data-widget_type=\"divider.default\">\n\t\t\t\t<div class=\"elementor-widget-container\">\n\t\t\t\t\t<div class=\"elementor-divider\">\n\t\t\t<span class=\"elementor-divider-separator\">\n\t\t\t\t\t\t<\/span>\n\t\t<\/div>\n\t\t\t\t<\/div>\n\t\t\t\t<\/div>\n\t\t\t\t\t<\/div>\n\t\t<\/div>\n\t\t\t\t<div class=\"elementor-column elementor-col-50 elementor-top-column elementor-element elementor-element-23f71fc\" data-id=\"23f71fc\" data-element_type=\"column\" data-settings=\"{&quot;background_background&quot;:&quot;gradient&quot;}\">\n\t\t\t<div class=\"elementor-widget-wrap elementor-element-populated\">\n\t\t\t\t\t\t<div class=\"elementor-element elementor-element-025e57c de_scroll_animation_no elementor-invisible elementor-widget elementor-widget-image\" data-id=\"025e57c\" data-element_type=\"widget\" data-settings=\"{&quot;_animation&quot;:&quot;fadeInUp&quot;,&quot;_animation_delay&quot;:200,&quot;ekit_we_effect_on&quot;:&quot;none&quot;}\" data-widget_type=\"image.default\">\n\t\t\t\t<div class=\"elementor-widget-container\">\n\t\t\t\t\t\t\t\t\t\t\t\t\t<img fetchpriority=\"high\" decoding=\"async\" width=\"1536\" height=\"1109\" src=\"https:\/\/sicaliscapital.com.br\/wp-content\/uploads\/2024\/11\/business-people-shaking-hands-together-1536x1109.jpg\" class=\"elementor-animation-float attachment-1536x1536 size-1536x1536 wp-image-1240\" alt=\"\" srcset=\"https:\/\/sicaliscapital.com.br\/wp-content\/uploads\/2024\/11\/business-people-shaking-hands-together-1536x1109.jpg 1536w, https:\/\/sicaliscapital.com.br\/wp-content\/uploads\/2024\/11\/business-people-shaking-hands-together-300x217.jpg 300w, https:\/\/sicaliscapital.com.br\/wp-content\/uploads\/2024\/11\/business-people-shaking-hands-together-1024x740.jpg 1024w, https:\/\/sicaliscapital.com.br\/wp-content\/uploads\/2024\/11\/business-people-shaking-hands-together-768x555.jpg 768w, https:\/\/sicaliscapital.com.br\/wp-content\/uploads\/2024\/11\/business-people-shaking-hands-together-2048x1479.jpg 2048w\" sizes=\"(max-width: 1536px) 100vw, 1536px\" \/>\t\t\t\t\t\t\t\t\t\t\t\t\t<\/div>\n\t\t\t\t<\/div>\n\t\t\t\t<div class=\"elementor-element elementor-element-2a00221 de_scroll_animation_no elementor-invisible elementor-widget elementor-widget-elementskit-lottie\" data-id=\"2a00221\" data-element_type=\"widget\" data-settings=\"{&quot;_animation&quot;:&quot;fadeInUp&quot;,&quot;_animation_delay&quot;:400,&quot;ekit_we_effect_on&quot;:&quot;none&quot;}\" data-widget_type=\"elementskit-lottie.default\">\n\t\t\t\t<div class=\"elementor-widget-container\">\n\t\t\t<div class=\"ekit-wid-con\" ><div id=\"ekit_lottie_2a00221\" class=\"ekit_lottie\" data-autoplay=\"true\" data-on-scroll=\"\" data-speed=\"1\" data-direction=\"\" data-action=\"\" data-renderer=\"svg\" data-path=\"https:\/\/lottie.host\/0d214871-ac39-432f-b495-53ff8f538c66\/09LZk0HfiG.json\" data-loop=\"true\">&nbsp;<\/div><\/div>\t\t<\/div>\n\t\t\t\t<\/div>\n\t\t\t\t\t<\/div>\n\t\t<\/div>\n\t\t\t\t\t<\/div>\n\t\t<\/section>\n\t\t\t\t<\/div>\n\t\t","protected":false},"excerpt":{"rendered":"<p>CFO as a Service CFO as a Service A SICALIS tem parceria com escrit\u00f3rios que oferecem o servi\u00e7o de &#8220;CFO as a Service&#8221;, provendo solu\u00e7\u00f5es customizadas para clientes que precisam de apoio e orienta\u00e7\u00e3o para atingir novos patamares de resultado estrat\u00e9gico e financeiro. Nosso cliente pode contratar um servi\u00e7o de &#8220;copiloto&#8221; financeiro, capaz de gerar [&hellip;]<\/p>\n","protected":false},"author":1,"featured_media":0,"parent":0,"menu_order":0,"comment_status":"closed","ping_status":"closed","template":"","meta":{"footnotes":""},"class_list":["post-1251","page","type-page","status-publish","hentry"],"_links":{"self":[{"href":"https:\/\/sicaliscapital.com.br\/index.php?rest_route=\/wp\/v2\/pages\/1251","targetHints":{"allow":["GET"]}}],"collection":[{"href":"https:\/\/sicaliscapital.com.br\/index.php?rest_route=\/wp\/v2\/pages"}],"about":[{"href":"https:\/\/sicaliscapital.com.br\/index.php?rest_route=\/wp\/v2\/types\/page"}],"author":[{"embeddable":true,"href":"https:\/\/sicaliscapital.com.br\/index.php?rest_route=\/wp\/v2\/users\/1"}],"replies":[{"embeddable":true,"href":"https:\/\/sicaliscapital.com.br\/index.php?rest_route=%2Fwp%2Fv2%2Fcomments&post=1251"}],"version-history":[{"count":7,"href":"https:\/\/sicaliscapital.com.br\/index.php?rest_route=\/wp\/v2\/pages\/1251\/revisions"}],"predecessor-version":[{"id":1258,"href":"https:\/\/sicaliscapital.com.br\/index.php?rest_route=\/wp\/v2\/pages\/1251\/revisions\/1258"}],"wp:attachment":[{"href":"https:\/\/sicaliscapital.com.br\/index.php?rest_route=%2Fwp%2Fv2%2Fmedia&parent=1251"}],"curies":[{"name":"wp","href":"https:\/\/api.w.org\/{rel}","templated":true}]}}